23?
3
What is the hundreds digit of 3125?
1
What is the ten thousands digit of 18744?
1
What is the hundreds digit of 5116?
1
What is the units digit of 4771?
1
What is the hundreds digit of 1821?
8
What is the ten thousands digit of 23141?
2
What is the hundreds digit of 1054?
0
What is the tens digit of 2262?
6
What is the hundreds digit of 3574?
5
What is the tens digit of 4107?
0
What is the units digit of 3237?
7
What is the tens digit of 572?
7
What is the units digit of 1233?
3
What is the units digit of 19256?
6
What is the units digit of 82311?
1
What is the thousands digit of 2330?
2
What is the tens digit of 3565?
6
What is the tens digit of 1730?
3
What is the thousands digit of 24235?
4
What is the units digit of 108?
8
What is the units digit of 28938?
8
What is the ten thousands digit of 24599?
2
What is the hundreds digit of 1080?
0
What is the tens digit of 13981?
8
What is the tens digit of 14434?
3
What is the hundreds digit of 5144?
1
What is the hundreds digit of 2337?
3
What is the thousands digit of 2767?
2
What is the hundreds digit of 1465?
4
What is the tens digit of 846?
4
What is the units digit of 15496?
6
What is the tens digit of 463?
6
What is the thousands digit of 1993?
1
What is the tens digit of 1007?
0
What is the thousands digit of 30641?
0
What is the tens digit of 2474?
7
What is the ten thousands digit of 11717?
1
What is the thousands digit of 49338?
9
What is the hundreds digit of 3683?
6
What is the ten thousands digit of 11898?
1
What is the thousands digit of 13591?
3
What is the thousands digit of 8332?
8
What is the thousands digit of 29120?
9
What is the ten thousands digit of 47402?
4
What is the hundreds digit of 571?
5
What is the units digit of 1374?
4
What is the tens digit of 1439?
3
What is the tens digit of 9365?
6
What is the units digit of 18885?
5
What is the thousands digit of 89690?
9
What is the hundreds digit of 1971?
9
What is the hundreds digit of 1220?
2
What is the ten thousands digit of 10401?
1
What is the tens digit of 962?
6
What is the hundreds digit of 4476?
4
What is the tens digit of 13401?
0
What is the thousands digit of 2805?
2
What is the tens digit of 4510?
1
What is the units digit of 5969?
9
What is the ten thousands digit of 165643?
6
What is the hundreds digit of 216?
2
What is the tens digit of 7580?
8
What is the hundreds digit of 62715?
7
What is the hundreds digit of 75497?
4
What is the hundreds digit of 13099?
0
What is the units digit of 1076?
6
What is the thousands digit of 58812?
8
What is the tens digit of 1657?
5
What is the units digit of 79343?
3
What is the ten thousands digit of 34669?
3
What is the thousands digit of 7544?
7
What is the hundreds digit of 21583?
5
What is the tens digit of 501?
0
What is the hundreds digit of 76718?
7
What is the tens digit of 918?
1
What is the hundreds digit of 19847?
8
What is the tens digit of 5031?
3
What is the units digit of 50782?
2
What is the hundreds digit of 7384?
3
What is the tens digit of 2112?
1
What is the tens digit of 17550?
5
What is the units digit of 12921?
1
What is the ten thousands digit of 134649?
3
What is the hundreds digit of 17654?
6
What is the ten thousands digit of 63491?
6
What is the thousands digit of 3907?
3
What is the hundreds digit of 39181?
1
What is the units digit of 662?
2
What is the thousands digit of 8601?
8
What is the tens digit of 13442?
4
What is the tens digit of 4324?
2
What is the ten thousands digit of 21050?
2
What is the thousands digit of 7166?
7
What is the thousands digit of 23695?
3
What is the tens digit of 1881?
8
What is the hundreds digit of 7145?
1
What is the hundreds digit of 17661?
6
What is the hundreds digit of 1773?
7
What is the hundreds digit of 7300?
3
What is the tens digit of 17202?
0
What is the hundreds digit of 191?
1
What is the hundreds digit of 42252?
2
What is the thousands digit of 17320?
7
What is the units digit of 2072?
2
What is the ten thousands digit of 24524?
2
What is the tens digit of 709?
0
What is the tens digit of 16307?
0
What is the thousands digit of 7392?
7
What is the tens digit of 7490?
9
What is the tens digit of 489?
8
What is the ten thousands digit of 17449?
1
What is the tens digit of 3240?
4
What is the tens digit of 851?
5
What is the thousands digit of 69223?
9
What is the units digit of 12?
2
What is the thousands digit of 12322?
2
What is the thousands digit of 16284?
6
What is the units digit of 731?
1
What is the units digit of 2561?
1
What is the hundreds digit of 1558?
5
What is the thousands digit of 9419?
9
What is the tens digit of 7706?
0
What is the tens digit of 36978?
7
What is the tens digit of 1983?
8
What is the hundreds digit of 44392?
3
What is the hundreds digit of 12967?
9
What is the units digit of 60371?
1
What is the units digit of 924?
4
What is the thousands digit of 1413?
1
What is the hundreds digit of 77136?
1
What is the units digit of 43455?
5
What is the units digit of 1136?
6
What is the thousands digit of 9910?
9
What is the tens digit of 1424?
2
What is the units digit of 1173?
3
What is the hundreds digit of 310?
3
What is the thousands digit of 3985?
3
What is the units digit of 21022?
2
What is the units digit of 110187?
7
What is the units digit of 10557?
7
What is the thousands digit of 167804?
7
What is the tens digit of 33696?
9
What is the hundreds digit of 6574?
5
What is the tens digit of 602?
0
What is the hundreds digit of 294?
2
What is the tens digit of 5827?
2
What is the units digit of 290?
0
What is the ten thousands digit of 84862?
8
What is the units digit of 116?
6
What is the units digit of 127046?
6
What is the units digit of 19470?
0
What is the hundreds digit of 19092?
0
What is the hundreds digit of 844?
8
What is the thousands digit of 82160?
2
What is the tens digit of 9795?
9
What is the tens digit of 11452?
5
What is the ten thousands digit of 35243?
3
What is the thousands digit of 6313?
6
What is the hundreds digit of 3488?
4
What is the hundreds digit of 25563?
5
What is the hundreds digit of 1942?
9
What is the thousands digit of 6660?
6
What is the hundreds digit of 731?
7
What is the units digit of 347?
7
What is the units digit of 827?
7
What is the units digit of 10581?
1
What is the ten thousands digit of 57437?
5
What is the tens digit of 2202?
0
What is the hundreds digit of 8764?
7
What is the units digit of 573?
3
What is the units digit of 33733?
3
What is the tens digit of 2997?
9
What is the units digit of 112?
2
What is the hundreds digit of 815?
8
What is the tens digit of 165037?
3
What is the units digit of 3517?
7
What is the thousands digit of 7398?
7
What is the units digit of 46532?
2
What is the thousands digit of 35413?
5
What is the units digit of 509?
9
What is the tens digit of 1537?
3
What is the thousands digit of 2609?
2
What is the thousands digit of 1160?
1
What is the ten thousands digit of 16606?
1
What is the units digit of 85?
5
What is the units digit of 18142?
2
What is the tens digit of 2721?
2
What is the hundreds digit of 7774?
7
What is the units digit of 284?
4
What is the tens digit of 85947?
4
What is the tens digit of 26154?
5
What is the units digit of 4134?
4
What is the tens digit of 41297?
9
What is the thousands digit of 33857?
3
What is the ten thousands digit of 19183?
1
What is the hundreds digit of 1094?
0
What is the thousands digit of 1499?
1
What is the units digit of 599?
9
What is the hundreds digit of 4306?
3
What is the tens digit of 73632?
3
What is the hundreds digit of 95716?
7
What is the hundreds digit of 4887?
8
What is the units digit of 2122?
2
What is the hundreds digit of 205?
2
What is the hundreds digit of 2086?
0
What is the tens digit of 2690?
9
What is the units digit of 4049?
9
What is the units digit of 76116?
6
What is the units digit of 38048?
8
What is the thousands digit of 67080?
7
What is the thousands digit of 17763?
7
What is the units digit of 1111?
1
What is the units digit of 6908?
8
What is the thousands digit of 5491?
5
What is the units digit of 1719?
9
What is the hundreds digit of 14561?
5
What is the hundreds digit of 3895?
8
What is the units digit of 40115?
5
What is the thousands digit of 4823?
4
What is the thousands digit of 20932?
0
